b. Give p(-6).
12
Suppose g - 4 = t, -23 = 3*t + g - 31. Let m(k) = -5*k**2 + k - 2. What is m(t)?
-6
Let k(a) = -a + 92 - 93 - 2*a. Suppose 13*s = -s - 28. Determine k(s).
5
Let d(h) = h**2 - 6*h - 17. Let m be (-3)/7*2 - (-37238)/(-6062). Determine d(m).
74
Suppose 4*n - 20 = -x, -5*n - 3*x + 4*x + 34 = 0. Let z(b) = -4*b - 4. Let l(p) = 5*p + 6. Let c(r) = -3*l(r) - 4*z(r). Calculate c(n).
4
Suppose 6*q = 7*q - 2. Suppose -3*l - 4*s = 1, 4*l + 3*s = 2*s + 3. Let t(v) = -4*v - v - v + l + v. Give t(q).
-9
Let a(i) = 3*i - 174. Let v(u) = u - 68. Let y(g) = -2*a(g) + 5*v(g). Let o = -18 - -30. Let r = o + -6. What is y(r)?
2
Let r(o) = -o**2 + 7*o - 2. Suppose -8 = -31*x + 26*x + 2*y, 0 = y - 1. Let u be ((-8)/x)/4*-4 + 1. Determine r(u).
8
Let p(h) = 193*h + 20. Let u(d) = 231*d + 23. Let r(c) = -6*p(c) + 5*u(c). Let b be (-1 - 0) + (-6)/2. Give r(b).
7
Let z(v) = v + 2. Let d(h) = 389*h - 781*h - 21 + 386*h. Let n(c) = d(c) + 5*z(c). What is n(-10)?
-1
Let x be 232*(-8)/(-96) + (15/9)/(-5). Let k(t) = -10*t + 30. Give k(x).
-160
Let g(x) = 7*x + 14. Let y(m) = m + 1. Let a(h) = -g(h) + 6*y(h). Suppose -4*o + 2*l - 34 = 0, -585*o - 55 = -581*o + 5*l. Determine a(o).
2
Suppose 0 = -5*v + 2*t + 16, 0*v + 2*v - 2*t - 4 = 0. Let b = 0 - -15. Let x be -3*v/b*-5. Let a(l) = l**2 - 10*l + 2. Give a(x).
-22
Let b = -4 + 6. Let x(w) = 613 - 1843 + 620 + 611 - 3*w**2 + 2*w. Give x(b).
-7
Let w(j) be the first derivative of -j**4/4 - 5*j**3/3 + 4*j**2 + 6*j + 24393. Suppose 0*k = 3*k - 6. Suppose -7*t + k*t - 30 = 0. What is w(t)?
-6
Let f = -9700 + 9694. Let u(r) = r**3 + 6*r**2 - 6*r - 12. Calculate u(f).
24
Let f(n) = 7*n**3 + 0*n**2 - 2 + n**2 + n**2 + 1. Let j be -2*(10 - 6) + 1 + 6. Determine f(j).
-6
Suppose 4*a - 2*c = -26, -8*a + 13*a + 5*c = -55. Let f(s) = -5*s - 35. What is f(a)?
5
Let f = 4 + -2. Let t(g) = -43*g - 556. Let p be t(-13). Let x(j) = -f*j - 5 + 1 + p*j + 2*j**2 - 4*j. Determine x(3).
5
Let y be 10/(-15) - 84/9. Let b be 2 - 6/(-4) - 5/y. Let w(a) = a**2 + 3*a + 9 + b*a - 14*a. Calculate w(7).
9
Let x(o) = -6*o - 2. Let l(b) = b**3 + 4*b**2 - 5*b + 1. Let v be l(-5). Let p be (-2 - v - (-3 + 1)) + -9. Let z be (-8)/p*(-20)/8. Calculate x(z).
10
Let r(w) be the third derivative of w**6/60 + w**5/20 - w**3/6 + 48*w**2. Let c = -9 + 12. Suppose 0 = -y - 4, 3*i + c*y + 18 + 0 = 0. Give r(i).
-5
Let n(s) = -s**3 + 19*s**2 + 4*s - 24. Let l be n(19). Let r(v) = l - 18*v + 17*v - 42. What is r(6)?
4
Let q(r) = 3*r**2 + 6*r - 7. Let u be q(-6). Let f = 45 - 43. Let x(n) = n**3 - 7*n**f + 0*n + 0*n + u + n - 73. Calculate x(7).
-1
Let k(x) be the second derivative of 35*x - 41/2*x**2 - 1/30*x**5 - 1/24*x**4 + 0 + 2/3*x**3. Let i(t) be the first derivative of k(t). What is i(-4)?
-24
Let f(m) = -2*m - 18. Let h be (18/(-10))/(375/(-1250)). Calculate f(h).
-30
Let b(r) = -2*r**2 - 8*r + 3. Suppose 0 = 3*q + 5*d - 1587, 5*q + 0*d - 2623 = -d. Suppose 8*h - 84 = q. Let x = h + -82. Determine b(x).
-21
Let h = -54 + 63. Suppose -2*l - 2*l - h = 5*x, 4*l = 5*x + 41. Let k(q) = -2*q**2 + 8*q + 2. Let d be k(l). Let o(b) = b**2 - b - 1. Determine o(d).
1
Suppose 29 + 86 = 5*g. Let j = -21 + g. Let o(r) = 3*r - 4 - 4*r - 2*r**2 + 6*r + 3*r**j. Calculate o(-6).
2
Let f(v) = -v**2 - 3*v + 27. Suppose -3*c = -3*n - 15, -5*n + 3*c - 1853 = -1824. Determine f(n).
-1
Let n(w) = 83*w**2 - 109*w + 29. Let i(m) = 6*m**2 - 8*m + 2. Let t(o) = -29*i(o) + 2*n(o). Determine t(3).
-30
Let r be (-1971)/73 + 93 + -60. Let g(y) be the first derivative of 3*y**2 - 29*y + 1. What is g(r)?
7
Let g(i) be the first derivative of -i**3/3 - 3*i**2/2 + 3*i + 980. Give g(-3).
3
Let x be -5 - ((-26)/78)/(((-15)/126)/(-5)). Let t(l) = 2*l**2 + 20*l - 5*l**2 + l**2 - 19. Determine t(x).
-1
Let u(h) = -7 + 11 + 3*h - 31*h**3 - 3 - 5*h. What is u(1)?
-32
Let h(x) = 22*x**2 + 2 - 20*x**2 + 0 - 6*x + 2*x. Let v be h(1). Let s(k) = v*k + 2*k - 6*k + 5*k. Calculate s(6).
6
Let a(i) be the third derivative of -i**6/720 - i**5/120 - 11*i**4/4 + 25*i**2. Let g(b) be the second derivative of a(b). Determine g(-7).
6
Let h = -9 - -3. Let o(y) = y + 8. Let q be o(h). Let a(w) = 55 - w - 19 - 19 - 7*w - 15. What is a(q)?
-14
Suppose 4*b + 5*v = 57, -124*b = -121*b - 3*v - 9. Let h(m) = 24*m - 191. Determine h(b).
1
Let h(k) = k - 6. Let o(x) = 4*x - 24. Let z(s) = 9*h(s) - 2*o(s). Let b(d) = 9*d + 255. Let q be b(-29). Determine z(q).
-12
Let d = -2 - -1. Let p(r) be the second derivative of 158*r + 0 + 1/2*r**2 - 1/6*r**3. Calculate p(d).
2
Suppose 0 = 5*d - 5*m - 20, 2*d = 5*m - 2810 + 2815. Let h be 2/3*(-18)/(-4). Let v(k) = 0 - 4*k**3 + 5*k**3 + 5 + h*k - 6*k**2. Determine v(d).
-5
Let w be 2*((-171)/18 + 11). Let t(c) = 4*c**2 - c + 6. Give t(w).
39
Suppose -19*q + 3*j - 5 = -20*q, 0 = -5*q - 3*j + 1. Let z(f) = -14*f**2 - 1. Calculate z(q).
-15
Let z(d) = -9*d**2 - 12*d - 14. Let i(f) = -3*f**2 - 4*f - 5. Let o(a) = -11*i(a) + 4*z(a). Suppose 3*y + 19 = 55. Let q be (-1)/(((-20)/y)/(-5)). Give o(q).
-16
Let o(h) = -h - 6. Let x(k) = -13*k + 8. Let c(n) = 7*n - 4. Let r(u) = 11*c(u) + 6*x(u). Let w be r(9). Let y be (-1)/(-2)*(w + -9). Determine o(y).
1
Let x(w) = 16*w**3 + w**2 + 6*w - 22. Let c(h) = -9*h**3 - 3*h + 14. Let i(b) = 7*c(b) + 4*x(b). Determine i(-5).
-30
Let g(p) be the first derivative of 17*p**4/4 + p + 4. Let b be (-45 - -33)*2/(-24). Calculate g(b).
18
Let r be (198/(-209))/(-9) + 72/38. Let n(t) be the first derivative of -1/4*t**4 - r*t - 1/3*t**3 - 23 + t**2. What is n(-3)?
10
Let f(g) = 11*g**2 + g + 27. Let h(d) = 4*d**2 + d + 14. Let i(n) = -2*f(n) + 5*h(n). Determine i(7).
-61
Let l = -72 + 461. Let z(g) = -g - 777 + l + 387 + 0*g. Let q = -6 - -2. What is z(q)?
3
Let q(u) = -u**3 - 26*u**2 + 3*u + 72. Let o be ((-6)/(-15)*(-20)/(-12))/(57/(-2223)). Give q(o).
-6
Let t(g) = 30*g**3 - 10 - 4*g**2 - 2620*g - 29*g**3 - 4 + 2613*g. Calculate t(6).
16
Let z(c) = -11*c - 1. Let p(j) = 23*j + 388. Let r be p(-17). What is z(r)?
32
Let c(a) = 5012*a - a**3 - 26 - 4961*a - 18*a**2 - 6*a**2. Determine c(-26).
0
Let x(n) = 99*n - 500. Suppose 0 = 5*h - 30, 4*m - 4*h + 107 = 103. Determine x(m).
-5
Let a(u) = 13*u - 126 + 396 - 123 - 101 - 118. Calculate a(4).
-20
Let b(l) = l**2 + 5*l. Suppose 0 = u - 9 + 4. Suppose -3*q + 45 = -4*a, 3*a - 75 = -u*q - 0*a. Let m = q + -18. Give b(m).
-6
Let p(d) = d**3 - 15*d**2 - 17*d + 19. Let z(v) = 48*v - 32. Let k be z(1). Let m be p(k). Let t(n) = n + 2. Give t(m).
5
Let g(v) = 5*v**3 + v**2 - 6*v + 23. Let u(f) = 27*f**3 + 4*f**2 - 33*f + 116. Let p(l) = 11*g(l) - 2*u(l). Give p(-4).
5
Let n(h) = h**3 + 90*h**2 - 5*h - 40*h**2 - 3*h - 45*h**2 + 4. Let l be 40/(13 + -3) + -10. Calculate n(l).
16
Let c(p) = 5*p + 3. Let o be (-72)/20 - (-17)/(425/(-10)). What is c(o)?
-17
Let l(d) = 4*d**2 - 17*d + 52. Let t be l(5). Let w(q) = -6 + 1 - 67*q - t*q + 2*q**2 + 187*q - 61*q. Give w(6).
19
Let l(z) = 105 - 2*z - 210 + 5*z + 106. Let w(s) = -s**3 + 4*s**2 - s + 1. Let b be w(4). Calculate l(b).
-8
Let l be (9 - 6)/(114/418). Let t(v) = v**2 - 20*v + 89. Give t(l).
-10
Let h = 20 - 20. Suppose 3*k = 3*m + 36, h = -0*k - 2*k + 5*m + 24. Let l be (4 - k/3)/2. Let n(b) = -b + 3. Calculate n(l).
3
Let l(i) = -17*i + 1. Let p(t) = -152*t - 52. Let m(b) = -9*l(b) + p(b). Give m(54).
-7
Let w(x) = -5*x + 3. Let s(g) = 8*g - 3. Let v(t) = -4*s(t) - 5*w(t). Determine v(1).
-10
Let v(m) be the second derivative of m**6/240 - 3*m**5/40 + 22*m**4/3 - 151*m. Let s(q) be the third derivative of v(q). Give s(6).
9
Let x(c) = 2*c**3 + 7*c**2 + 3*c + 4. Let q be x(-3). Suppose 9*j - 31 + q = 0. Suppose -22 = f - j*h, 0*h + 6 = -3*f - 3*h. Let i(p) = p + 7. Determine i(f).
0
Let x(z) = -7*z**3 - z**2 + z + 2. Let u be (2*(-1)/2)/((-6)/174). Let r(h) = h**3 - 27*h**2 - 58*h - 1. Let g be r(u). What is x(g)?
7
Let d(h) = 81*h - 6. Let t be d(-2). Let u be (-488)/t - (-2)/21. Let v(r) = 4*r - 4. Determine v(u).
8
Let r(w) be the first derivative of 1/4*w**4 + 9*w + 2*w**3 + 83 + 3/2*w**2. What is r(-6)?
-9
Let t(f) be the third derivative of f**4/12 - 7*f**3/3 - 2061*f**2. Determine t(2).
-10
Suppose 13*x = 3*q + 17*x - 4, 5*x - 5 = -q. Let f(u) = 2*u + u**2 + 593 - 595 + q*u**2. Calculate f(2).
6
Let r(u) = -5*u**3 - 13*u**2 + 22*u + 16. Let s(c) 